ivide 169511?
False
Does 43 divide 423722?
True
Does 14 divide 357476?
True
Does 4 divide 7491?
False
Does 13 divide 793523?
False
Is 8228105 a multiple of 695?
True
Is 10 a factor of 9815?
False
Is 2 a factor of 82503?
False
Does 19 divide 141230?
False
Is 5752483 a multiple of 61?
True
Is 60 a factor of 345660?
True
Does 25 divide 390050?
True
Is 558 a factor of 1725336?
True
Is 6914376 a multiple of 84?
True
Is 64 a factor of 1003328?
True
Does 290 divide 18270?
True
Is 587790 a multiple of 135?
True
Is 43 a factor of 671043?
False
Is 42619 a multiple of 29?
False
Is 16 a factor of 231104?
True
Is 107 a factor of 660826?
False
Does 11 divide 221716?
True
Is 12 a factor of 418310?
False
Does 16 divide 93200?
True
Is 6504236 a multiple of 22?
False
Does 6 divide 15258?
True
Is 1356405 a multiple of 15?
True
Is 9366741 a multiple of 5?
False
Does 10 divide 895960?
True
Is 220 a factor of 331980?
True
Is 7373 a multiple of 11?
False
Is 59 a factor of 933619?
False
Does 14 divide 515312?
True
Is 1425 a factor of 18178725?
True
Is 21 a factor of 84033?
False
Is 72 a factor of 958703?
False
Is 383 a factor of 1087720?
True
Is 2306338 a multiple of 46?
False
Is 475740 a multiple of 18?
True
Is 38 a factor of 526566?
True
Is 903261 a multiple of 700?
False
Does 46 divide 195546?
True
Does 632 divide 8454896?
True
Does 12 divide 130882?
False
Does 32 divide 1288448?
True
Does 10 divide 63280?
True
Does 1048 divide 12360090?
False
Is 3875036 a multiple of 129?
False
Is 12 a factor of 438012?
True
Is 67848 a multiple of 8?
True
Is 315225 a multiple of 225?
True
Is 21301 a multiple of 7?
True
Does 44 divide 12512002?
False
Does 784 divide 74480?
True
Is 379 a factor of 171308?
True
Is 57354 a multiple of 363?
True
Is 87 a factor of 658254?
False
Does 24 divide 2224368?
True
Does 77 divide 154091?
False
Is 6 a factor of 197288?
False
Is 7 a factor of 3867934?
True
Is 552392 a multiple of 29?
True
Does 23 divide 118128?
True
Is 7 a factor of 130562?
False
Is 44 a factor of 8030088?
True
Is 287790 a multiple of 318?
True
Does 16 divide 78185?
False
Is 176 a factor of 924528?
True
Is 244256 a multiple of 54?
False
Does 54 divide 133610?
False
Is 440622 a multiple of 78?
True
Is 53 a factor of 30565?
False
Is 873331 a multiple of 45?
False
Is 761 a factor of 6504267?
True
Is 64400 a multiple of 92?
True
Is 433193 a multiple of 4?
False
Does 461 divide 3391361?
False
Is 754 a factor of 13303161?
False
Does 242 divide 134310?
True
Does 68 divide 93092?
True
Is 1125 a factor of 3379087?
False
Is 37 a factor of 128247?
False
Is 15 a factor of 283680?
True
Is 55379 a multiple of 30?
False
Is 421 a factor of 169528?
False
Does 1964 divide 19267976?
False
Is 626899 a multiple of 7?
True
Is 77 a factor of 2369114?
False
Is 12 a factor of 3988560?
True
Does 241 divide 2170928?
True
Is 24403745 a multiple of 67?
True
Does 327 divide 187044?
True
Is 48 a factor of 259138?
False
Is 191291 a multiple of 13?
False
Is 51 a factor of 196656?
True
Does 96 divide 37437?
False
Is 653 a factor of 4900765?
True
Is 1007 a factor of 2474199?
True
Does 68 divide 2529381?
False
Is 67 a factor of 6579279?
False
Is 859239 a multiple of 12?
False
Is 81077 a multiple of 29?
False
Is 24488 a multiple of 44?
False
Is 3239962 a multiple of 15?
False
Does 120 divide 5336?
False
Is 30 a factor of 6932?
False
Does 7 divide 724234?
True
Is 22 a factor of 53113?
False
Does 204 divide 10639307?
False
Is 447 a factor of 7113111?
True
Is 10233558 a multiple of 71?
False
Is 11 a factor of 167717?
True
Is 623535 a multiple of 4?
False
Does 1193 divide 825556?
True
Is 228717 a multiple of 27?
True
Is 5568458 a multiple of 7?
True
Is 565236 a multiple of 6?
True
Does 780 divide 889980?
True
Is 8780768 a multiple of 315?
False
Is 774604 a multiple of 775?
False
Is 3 a factor of 191160?
True
Is 7395021 a multiple of 303?
False
Is 13 a factor of 314977?
True
Is 228 a factor of 450756?
True
Is 1787502 a multiple of 174?
True
Does 24 divide 5430192?
True
Is 258440 a multiple of 364?
True
Does 364 divide 251160?
True
Is 132240 a multiple of 240?
True
Is 164 a factor of 754652?
False
Is 110600 a multiple of 10?
True
Is 118014 a multiple of 4?
False
Is 5792499 a multiple of 42?
False
Is 119 a factor of 327250?
True
Does 31 divide 142109?
False
Is 8 a factor of 300135?
False
Is 9360 a multiple of 360?
True
Does 14 divide 54955?
False
Is 22387344 a multiple of 19?
False
Is 23 a factor of 92197?
False
Does 62 divide 368589?
False
Is 42252 a multiple of 4?
True
Is 16491510 a multiple of 970?
False
Is 784 a factor of 12629593?
False
Does 43 divide 1007619?
True
Does 22 divide 18594?
False
Is 11708085 a multiple of 160?
False
Is 1121923 a multiple of 172?
False
Is 4 a factor of 117346?
False
Is 4002 a multiple of 174?
True
Does 234 divide 78858?
True
Is 17 a factor of 8752110?
True
Is 1841910 a multiple of 343?
True
Is 5 a factor of 32881?
False
Is 7070384 a multiple of 184?
True
Does 95 divide 9620059?
False
Is 13680 a multiple of 8?
True
Does 16 divide 184052?
False
Is 21 a factor of 228559?
False
Is 260 a factor of 8026200?
True
Is 9 a factor of 133612?
False
Is 375 a factor of 386250?
True
Does 139 divide 12540034?
False
Does 1543 divide 13734274?
False
Is 1533821 a multiple of 58?
False
Is 26124 a multiple of 26?
False
Is 59 a factor of 76405?
True
Is 221 a factor of 131745?
False
Is 1129848 a multiple of 7?
False
Is 8 a factor of 3536149?
False
Is 875010 a multiple of 56?
False
Is 5023048 a multiple of 59?
False
Does 36 divide 39601?
False
Is 350 a factor of 482407?
False
Is 14 a factor of 126?
True
Is 11 a factor of 3023894?
False
Is 465236 a multiple of 325?
False
Does 365 divide 2705591?
False
Does 130 divide 1680900?
True
Is 18 a factor of 766226?
False
Is 45 a factor of 1249378?
False
Does 300 divide 4228500?
True
Is 20 a factor of 65360?
True
Does 92 divide 97048?
False
Does 566 divide 4171277?
False
Is 11577270 a multiple of 95?
True
Is 195 a factor of 1355070?
False
Is 26 a factor of 45951?
False
Is 309 a factor of 5072235?
True
Does 185 divide 502741?
False
Does 1726 divide 4216618?
True
Is 92 a factor of 250148?
True
Is 135012 a multiple of 150?
False
Does 25 divide 254375?
True
Does 27 divide 13439419?
False
Does 197 divide 4746518?
True
Is 3174318 a multiple of 122?
True
Does 20 divide 39520?
True
Is 4867296 a multiple of 48?
True
Is 72 a factor of 37513?
False
Is 190 a factor of 165858?
False
Is 145 a factor of 37600?
False
Is 77268 a multiple of 274?
True
Is 1179746 a multiple of 212?
False
Is 18670 even?
True
Is 51 a factor of 1348797?
True
Does 88 divide 333872?
True
Is 215 a factor of 67725?
True
Is 13588432 a multiple of 16?
True
Does 3 divide 71382?
True
Does 74 divide 41836?
False
Does 24 divide 1375627?
False
Is 63539 a multiple of 215?
False
Is 42240 a multiple of 10?
True
Is 5 a factor of 1826898?
False
Does 91 divide 69512?
False
Does 29 divide 8629704?
True
Does 61 divide 2778672?
True
Does 172 divide 1458236?
False
Is 34 a factor of 234707?
False
Does 42 divide 358428?
True
Is 12 a factor of 81828?
True
Is 3 a factor of 3602?
False
Is 9206013 a multiple of 24?
False
Is 25 a factor of 2141326?
False
Is 15 a factor of 1109115?
True
Does 182 divide 97006?
True
Does 620 divide 914574?
False
Does 3 divide 11830?
False
Is 3773357 a multiple of 1655?
False
Is 1883680 a multiple of 20?
True
Is 1820271 a multiple of 339?
False
Is 64817 a multiple of 2?
False
Does 24 divide 10913207?
False
Is 101216 a multiple of 5?
False
Is 273551 a multiple of 25?
False
Is 158 a factor of 134616?
True
Is 516 a factor of 116629?
False
Is 71 a factor of 1541055?
True
Is 33385 a multiple of 172?
False
Is 200 a factor of 267600?
True
Is 39 a factor of 1556139?
True
Is 21 a factor of 127071?
True
Is 63102 a multiple of 3?
True
Is 10 a factor of 2718630?
True
Is 5990987 a multiple of 10?
False
Is 9624 a multiple of 19?
False
Is 284270 a multiple of 262?
True
Is 19451875 a multiple of 2686?
False
Is 16 a factor of 10685840?
True
Does 332 divide 1289488?
True
Is 714791 a multiple of 22?
False
Does 23 divide 2271601?
False
Is 172535 a multiple of 17?
False
Is 41 a factor of 1957463?
True
Is 276500 a multiple of 20?
True
Is 36 a factor of 198720?
True
Is 603326 a multiple of 4?
False
Does 144 divide 164306?
False